{"id":1575,"date":"2024-09-30T16:04:53","date_gmt":"2024-09-30T20:04:53","guid":{"rendered":"https:\/\/trasatlantica.org\/?page_id=1575"},"modified":"2024-11-12T13:29:38","modified_gmt":"2024-11-12T18:29:38","slug":"ricardo-tejera-partido_page","status":"publish","type":"page","link":"https:\/\/trasatlantica.org\/?page_id=1575","title":{"rendered":"Ricardo Tejera Partido"},"content":{"rendered":"<div class=\"wp-block-image wp-duotone-grayscale\">\n<figure class=\"aligncenter size-full\"><a href=\"https:\/\/i0.wp.com\/trasatlantica.org\/wp-content\/uploads\/2024\/09\/PHOTO-2024-09-15-06-42-24.jpg?ssl=1\"><img data-recalc-dims=\"1\" decoding=\"async\" width=\"530\" height=\"940\" data-attachment-id=\"1109\" data-permalink=\"https:\/\/trasatlantica.org\/?attachment_id=1109\" data-orig-file=\"https:\/\/i0.wp.com\/trasatlantica.org\/wp-content\/uploads\/2024\/09\/PHOTO-2024-09-15-06-42-24.jpg?fit=530%2C940&amp;ssl=1\" data-orig-size=\"530,940\" data-comments-opened=\"1\" data-image-meta=\"{&quot;aperture&quot;:&quot;0&quot;,&quot;credit&quot;:&quot;&quot;,&quot;camera&quot;:&quot;&quot;,&quot;caption&quot;:&quot;&quot;,&quot;created_timestamp&quot;:&quot;0&quot;,&quot;copyright&quot;:&quot;&quot;,&quot;focal_length&quot;:&quot;0&quot;,&quot;iso&quot;:&quot;0&quot;,&quot;shutter_speed&quot;:&quot;0&quot;,&quot;title&quot;:&quot;&quot;,&quot;orientation&quot;:&quot;0&quot;}\" data-image-title=\"PHOTO-2024-09-15-06-42-24\" data-image-description=\"\" data-image-caption=\"\" data-large-file=\"https:\/\/i0.wp.com\/trasatlantica.org\/wp-content\/uploads\/2024\/09\/PHOTO-2024-09-15-06-42-24.jpg?fit=530%2C940&amp;ssl=1\" src=\"https:\/\/i0.wp.com\/trasatlantica.org\/wp-content\/uploads\/2024\/09\/PHOTO-2024-09-15-06-42-24.jpg?resize=530%2C940&#038;ssl=1\" alt=\"\" class=\"wp-image-1109\" srcset=\"https:\/\/i0.wp.com\/trasatlantica.org\/wp-content\/uploads\/2024\/09\/PHOTO-2024-09-15-06-42-24.jpg?w=530&amp;ssl=1 530w, https:\/\/i0.wp.com\/trasatlantica.org\/wp-content\/uploads\/2024\/09\/PHOTO-2024-09-15-06-42-24.jpg?resize=169%2C300&amp;ssl=1 169w\" sizes=\"(max-width: 530px) 100vw, 530px\" \/><\/a><\/figure>\n<\/div>\n\n\n<div class=\"wp-block-nk-awb nk-awb  alignfull\"><div class=\"nk-awb-wrap\" data-awb-type=\"image\" data-awb-parallax=\"scroll\" data-awb-parallax-speed=\"0.5\" data-awb-parallax-mobile=\"true\" data-awb-image-background-size=\"cover\" data-awb-image-background-position=\"35% 60%\"><div class=\"nk-awb-inner\" style=\"opacity: 0.78;\"><img data-recalc-dims=\"1\" decoding=\"async\" data-attachment-id=\"2324\" data-permalink=\"https:\/\/trasatlantica.org\/?attachment_id=2324\" data-orig-file=\"https:\/\/i0.wp.com\/trasatlantica.org\/wp-content\/uploads\/2024\/10\/Camilo_Villalvilla_Soto_5687__47607.jpg?fit=1280%2C911&amp;ssl=1\" data-orig-size=\"1280,911\" data-comments-opened=\"1\" data-image-meta=\"{&quot;aperture&quot;:&quot;0&quot;,&quot;credit&quot;:&quot;&quot;,&quot;camera&quot;:&quot;&quot;,&quot;caption&quot;:&quot;&quot;,&quot;created_timestamp&quot;:&quot;0&quot;,&quot;copyright&quot;:&quot;&quot;,&quot;focal_length&quot;:&quot;0&quot;,&quot;iso&quot;:&quot;0&quot;,&quot;shutter_speed&quot;:&quot;0&quot;,&quot;title&quot;:&quot;&quot;,&quot;orientation&quot;:&quot;1&quot;}\" data-image-title=\"Camilo_Villalvilla_Soto_5687__47607\" data-image-description=\"\" data-image-caption=\"\" data-large-file=\"https:\/\/i0.wp.com\/trasatlantica.org\/wp-content\/uploads\/2024\/10\/Camilo_Villalvilla_Soto_5687__47607.jpg?fit=580%2C413&amp;ssl=1\" src=\"https:\/\/i0.wp.com\/trasatlantica.org\/wp-content\/uploads\/2024\/10\/Camilo_Villalvilla_Soto_5687__47607.jpg?resize=1280%2C911&#038;ssl=1\" class=\"wp-image-2324 jarallax-img\" width=\"1280\" height=\"911\" srcset=\"https:\/\/i0.wp.com\/trasatlantica.org\/wp-content\/uploads\/2024\/10\/Camilo_Villalvilla_Soto_5687__47607.jpg?w=1280&amp;ssl=1 1280w, https:\/\/i0.wp.com\/trasatlantica.org\/wp-content\/uploads\/2024\/10\/Camilo_Villalvilla_Soto_5687__47607.jpg?resize=300%2C214&amp;ssl=1 300w, https:\/\/i0.wp.com\/trasatlantica.org\/wp-content\/uploads\/2024\/10\/Camilo_Villalvilla_Soto_5687__47607.jpg?resize=1024%2C729&amp;ssl=1 1024w, https:\/\/i0.wp.com\/trasatlantica.org\/wp-content\/uploads\/2024\/10\/Camilo_Villalvilla_Soto_5687__47607.jpg?resize=768%2C547&amp;ssl=1 768w, https:\/\/i0.wp.com\/trasatlantica.org\/wp-content\/uploads\/2024\/10\/Camilo_Villalvilla_Soto_5687__47607.jpg?resize=500%2C356&amp;ssl=1 500w, https:\/\/i0.wp.com\/trasatlantica.org\/wp-content\/uploads\/2024\/10\/Camilo_Villalvilla_Soto_5687__47607.jpg?resize=800%2C569&amp;ssl=1 800w, https:\/\/i0.wp.com\/trasatlantica.org\/wp-content\/uploads\/2024\/10\/Camilo_Villalvilla_Soto_5687__47607.jpg?resize=1200%2C854&amp;ssl=1 1200w\" sizes=\"(max-width: 1280px) 100vw, 1280px\" \/><\/div><\/div><div class=\"nk-awb-wrap-content is-layout-constrained wp-block-nk-awb-is-layout-constrained\">\n<div class=\"wp-block-columns is-layout-flex wp-container-core-columns-is-layout-8f761849 wp-block-columns-is-layout-flex\">\n<div class=\"wp-block-column is-layout-flow wp-block-column-is-layout-flow\" style=\"flex-basis:33.33%\"><\/div>\n\n\n\n<div class=\"wp-block-column is-layout-flow wp-block-column-is-layout-flow\" style=\"flex-basis:66.66%\">\n<p class=\"has-text-color has-link-color wp-elements-680991ee2dd143f111381e83414cc04a wp-block-paragraph\" style=\"color:#ffffff\"><em><strong>Candela <\/strong><\/em><\/p>\n\n\n\n<p class=\"has-text-color has-link-color wp-elements-77cd55f4264181a6e8ebc5509e95cb4f wp-block-paragraph\" style=\"color:#ffffff\">A la catedral, candela.<br>Candela al partido, candela al parlamento. <br>Candela a las brujas, y al convento:<br>candela. <mark style=\"background-color: rgba(0, 0, 0, 0); color: #f7f7f7;\" class=\"has-inline-color\"><br><br>Candela la mujer a su marido.<br>Candela al testigo y a las pruebas.<br>Candela a los jud\u00edos, y a las mujeres: <br>candela.<br><br>La Habana: en candela.&nbsp;<br>Candela, Ner\u00f3n; Cristo, candela.<br>No se puede construir: candela.<br><br>A lo amado, al enemigo:<br>muerto o vivo,&nbsp;<br>candela.<br><br>Candela a los padres, al poema,&nbsp;<br>y al hijo muerto:&nbsp;<br>candela.<\/mark><\/p>\n<\/div>\n<\/div>\n<\/div><\/div>\n\n\n\n<figure class=\"wp-block-image size-large\"><a href=\"https:\/\/i0.wp.com\/trasatlantica.org\/wp-content\/uploads\/2024\/09\/la-tormenta-2.jpg?ssl=1\"><img data-recalc-dims=\"1\" decoding=\"async\" width=\"739\" height=\"1024\" data-attachment-id=\"1160\" data-permalink=\"https:\/\/trasatlantica.org\/?attachment_id=1160\" data-orig-file=\"https:\/\/i0.wp.com\/trasatlantica.org\/wp-content\/uploads\/2024\/09\/la-tormenta-2.jpg?fit=1945%2C2694&amp;ssl=1\" data-orig-size=\"1945,2694\" data-comments-opened=\"1\" data-image-meta=\"{&quot;aperture&quot;:&quot;0&quot;,&quot;credit&quot;:&quot;&quot;,&quot;camera&quot;:&quot;&quot;,&quot;caption&quot;:&quot;&quot;,&quot;created_timestamp&quot;:&quot;0&quot;,&quot;copyright&quot;:&quot;&quot;,&quot;focal_length&quot;:&quot;0&quot;,&quot;iso&quot;:&quot;0&quot;,&quot;shutter_speed&quot;:&quot;0&quot;,&quot;title&quot;:&quot;&quot;,&quot;orientation&quot;:&quot;0&quot;}\" data-image-title=\"la tormenta 2\" data-image-description=\"\" data-image-caption=\"\" data-large-file=\"https:\/\/i0.wp.com\/trasatlantica.org\/wp-content\/uploads\/2024\/09\/la-tormenta-2.jpg?fit=580%2C804&amp;ssl=1\" src=\"https:\/\/i0.wp.com\/trasatlantica.org\/wp-content\/uploads\/2024\/09\/la-tormenta-2.jpg?resize=739%2C1024&#038;ssl=1\" alt=\"\" class=\"wp-image-1160\" srcset=\"https:\/\/i0.wp.com\/trasatlantica.org\/wp-content\/uploads\/2024\/09\/la-tormenta-2.jpg?resize=739%2C1024&amp;ssl=1 739w, https:\/\/i0.wp.com\/trasatlantica.org\/wp-content\/uploads\/2024\/09\/la-tormenta-2.jpg?resize=217%2C300&amp;ssl=1 217w, https:\/\/i0.wp.com\/trasatlantica.org\/wp-content\/uploads\/2024\/09\/la-tormenta-2.jpg?resize=768%2C1064&amp;ssl=1 768w, https:\/\/i0.wp.com\/trasatlantica.org\/wp-content\/uploads\/2024\/09\/la-tormenta-2.jpg?resize=1109%2C1536&amp;ssl=1 1109w, https:\/\/i0.wp.com\/trasatlantica.org\/wp-content\/uploads\/2024\/09\/la-tormenta-2.jpg?resize=1479%2C2048&amp;ssl=1 1479w, https:\/\/i0.wp.com\/trasatlantica.org\/wp-content\/uploads\/2024\/09\/la-tormenta-2.jpg?resize=1200%2C1662&amp;ssl=1 1200w, https:\/\/i0.wp.com\/trasatlantica.org\/wp-content\/uploads\/2024\/09\/la-tormenta-2.jpg?w=1945&amp;ssl=1 1945w\" sizes=\"(max-width: 739px) 100vw, 739px\" \/><\/a><\/figure>\n\n\n\n<p class=\"has-small-font-size wp-block-paragraph\"><\/p>\n\n\n\n<div class=\"wp-block-nk-awb nk-awb  alignfull\"><div class=\"nk-awb-wrap\" data-awb-type=\"image\" data-awb-parallax=\"scroll\" data-awb-parallax-speed=\"0.5\" data-awb-parallax-mobile=\"true\" data-awb-image-background-size=\"cover\" data-awb-image-background-position=\"50% 50%\"><div class=\"nk-awb-inner\" style=\"opacity: 0.88;\"><img data-recalc-dims=\"1\" decoding=\"async\" data-attachment-id=\"2339\" data-permalink=\"https:\/\/trasatlantica.org\/?attachment_id=2339\" data-orig-file=\"https:\/\/i0.wp.com\/trasatlantica.org\/wp-content\/uploads\/2024\/10\/old-tire-shop-3.png?fit=1024%2C768&amp;ssl=1\" data-orig-size=\"1024,768\" data-comments-opened=\"1\" data-image-meta=\"{&quot;aperture&quot;:&quot;0&quot;,&quot;credit&quot;:&quot;&quot;,&quot;camera&quot;:&quot;&quot;,&quot;caption&quot;:&quot;&quot;,&quot;created_timestamp&quot;:&quot;0&quot;,&quot;copyright&quot;:&quot;&quot;,&quot;focal_length&quot;:&quot;0&quot;,&quot;iso&quot;:&quot;0&quot;,&quot;shutter_speed&quot;:&quot;0&quot;,&quot;title&quot;:&quot;&quot;,&quot;orientation&quot;:&quot;0&quot;}\" data-image-title=\"old-tire-shop\" data-image-description=\"\" data-image-caption=\"\" data-large-file=\"https:\/\/i0.wp.com\/trasatlantica.org\/wp-content\/uploads\/2024\/10\/old-tire-shop-3.png?fit=580%2C435&amp;ssl=1\" src=\"https:\/\/i0.wp.com\/trasatlantica.org\/wp-content\/uploads\/2024\/10\/old-tire-shop-3.png?resize=1024%2C768&#038;ssl=1\" class=\"wp-image-2339 jarallax-img\" width=\"1024\" height=\"768\" srcset=\"https:\/\/i0.wp.com\/trasatlantica.org\/wp-content\/uploads\/2024\/10\/old-tire-shop-3.png?w=1024&amp;ssl=1 1024w, https:\/\/i0.wp.com\/trasatlantica.org\/wp-content\/uploads\/2024\/10\/old-tire-shop-3.png?resize=300%2C225&amp;ssl=1 300w, https:\/\/i0.wp.com\/trasatlantica.org\/wp-content\/uploads\/2024\/10\/old-tire-shop-3.png?resize=768%2C576&amp;ssl=1 768w, https:\/\/i0.wp.com\/trasatlantica.org\/wp-content\/uploads\/2024\/10\/old-tire-shop-3.png?resize=500%2C375&amp;ssl=1 500w, https:\/\/i0.wp.com\/trasatlantica.org\/wp-content\/uploads\/2024\/10\/old-tire-shop-3.png?resize=800%2C600&amp;ssl=1 800w, https:\/\/i0.wp.com\/trasatlantica.org\/wp-content\/uploads\/2024\/10\/old-tire-shop-3.png?resize=600%2C450&amp;ssl=1 600w, https:\/\/i0.wp.com\/trasatlantica.org\/wp-content\/uploads\/2024\/10\/old-tire-shop-3.png?resize=400%2C300&amp;ssl=1 400w, https:\/\/i0.wp.com\/trasatlantica.org\/wp-content\/uploads\/2024\/10\/old-tire-shop-3.png?resize=200%2C150&amp;ssl=1 200w\" sizes=\"(max-width: 1024px) 100vw, 1024px\" \/><\/div><\/div><div class=\"nk-awb-wrap-content is-layout-constrained wp-block-nk-awb-is-layout-constrained\">\n<div class=\"wp-block-columns is-layout-flex wp-container-core-columns-is-layout-8f761849 wp-block-columns-is-layout-flex\">\n<div class=\"wp-block-column is-layout-flow wp-block-column-is-layout-flow\" style=\"flex-basis:33.33%\"><\/div>\n\n\n\n<div class=\"wp-block-column is-layout-flow wp-block-column-is-layout-flow\" style=\"flex-basis:66.66%\">\n<p class=\"wp-block-paragraph\"><mark style=\"background-color: rgba(0, 0, 0, 0); color: #f4f2f2;\" class=\"has-inline-color\"><em><strong>H\u00e9ctor<\/strong><\/em><br><br>El hombre que se enamora pierde<br>-me dijo un d\u00eda el ponchero,<br><br>Ahora soy un hombre enfermo&nbsp;<br>-sin que yo le preguntara.<br><br>La enfermedad la compro -se\u00f1ala<br>con la boca una botella.&nbsp;<br><br>Antes ten\u00eda a Yaimara,&nbsp;<br>mira su foto, \u00bfno es bella?&nbsp;<br><br>-Pues s\u00ed, \u00bften\u00edas dices? \u00bfqu\u00e9 pasa?<br>Ahora tengo la ponchera.<\/mark><\/p>\n<\/div>\n<\/div>\n<\/div><\/div>\n\n\n\n<div class=\"wp-block-columns alignwide is-layout-flex wp-container-core-columns-is-layout-8f761849 wp-block-columns-is-layout-flex\">\n<div class=\"wp-block-column is-layout-flow wp-block-column-is-layout-flow\">\n<div class=\"wp-block-group alignfull has-primary-color has-text-color has-link-color wp-elements-b7f33dfa911bfedba32945ca962df514\"><div class=\"wp-block-group__inner-container is-layout-constrained wp-block-group-is-layout-constrained\">\n<div class=\"wp-block-columns alignfull is-layout-flex wp-container-core-columns-is-layout-8f761849 wp-block-columns-is-layout-flex\">\n<div class=\"wp-block-column is-layout-flow wp-block-column-is-layout-flow\" style=\"flex-basis:100%\">\n<p class=\"has-primary-color has-background-background-color has-text-color has-background has-link-color has-normal-font-size wp-elements-a1983978e42c6f5a5892425d25d238bd wp-block-paragraph\"><mark style=\"background-color: rgba(0, 0, 0, 0)\" class=\"has-inline-color has-primary-color\"><strong>Ricardo Tejera Partido:<\/strong><\/mark><br><br><mark style=\"background-color:rgba(0, 0, 0, 0)\" class=\"has-inline-color has-primary-color\">38 year old Cuban reinventing myself, like tens of thousands, in Miami, FL. I came to the US two years ago, leaving behind my parents -who painfully grow old by the minute; my daughter -who grows gracefully young; and my city, shrinking to ruins. I\u2019d still love it when they turn it into salty dust. Some of this happens while I\u2019m far but, mostly, positive and healthy. I have always written, painted, designed, built things\u2026&nbsp;I guess I can\u2019t stand the idea of impermanence, that\u2019s why I do it. I guess I can\u2019t stand the idea of not providing enough neither, that\u2019s why I was\/ am and will be a 9 to 5 guy. Never considered myself an artist I can\u2019t live without trying to create though. Currently, I\u2019m studying to become a bookkeeper and I\u2019m applying for the first time to a poetry submission.<\/mark><\/p>\n<\/div>\n<\/div>\n<\/div><\/div>\n<\/div>\n<\/div>\n<!-- PMB print buttons is only displayed on a single post\/page URLs-->","protected":false},"excerpt":{"rendered":"<p>Ricardo Tejera Partido: 38 year old Cuban reinventing myself, like tens of thousands, in Miami, FL. I came to the US two years ago, leaving behind my parents -who painfully grow old by the minute; my daughter -who grows gracefully young; and my city, shrinking to ruins. I\u2019d still love it when they turn it [&hellip;]<\/p>\n","protected":false},"author":196861203,"featured_media":0,"parent":523,"menu_order":0,"comment_status":"closed","ping_status":"closed","template":"","meta":{"_coblocks_attr":"Times New Roman,Helvetica,Times New Roman","_coblocks_dimensions":"","_coblocks_responsive_height":"","_coblocks_accordion_ie_support":"","_crdt_document":"","advanced_seo_description":"","jetpack_seo_html_title":"","jetpack_seo_noindex":false,"footnotes":""},"class_list":["post-1575","page","type-page","status-publish","hentry"],"jetpack_likes_enabled":false,"jetpack_sharing_enabled":true,"jetpack_shortlink":"https:\/\/wp.me\/P2V8if-pp","jetpack-related-posts":[{"id":1593,"url":"https:\/\/trasatlantica.org\/?page_id=1593","url_meta":{"origin":1575,"position":0},"title":"Ricardo Tejera Partido","author":"Soviet Cuba: Identities in Transition","date":"September 30, 2024","format":false,"excerpt":"CandelaA la catedral, candela.Candela al partido, candela al parlamento.Candela a las brujas, y al convento:candela.Candela la mujer a su marido.Candela al testigo y a las pruebas.Candela a los jud\u00edos, y a las mujeres: candela.La Habana: en candela.\u00a0Candela, Ner\u00f3n; Cristo, candela.No se puede construir: candela.A lo amado, al enemigo:muerto o vivo,\u00a0candela.Candela\u2026","rel":"","context":"Similar post","block_context":{"text":"Similar post","link":""},"img":{"alt_text":"","src":"https:\/\/i0.wp.com\/trasatlantica.org\/wp-content\/uploads\/2024\/09\/PHOTO-2024-09-15-06-42-24.jpg?resize=350%2C200&ssl=1","width":350,"height":200,"srcset":"https:\/\/i0.wp.com\/trasatlantica.org\/wp-content\/uploads\/2024\/09\/PHOTO-2024-09-15-06-42-24.jpg?resize=350%2C200&ssl=1 1x, https:\/\/i0.wp.com\/trasatlantica.org\/wp-content\/uploads\/2024\/09\/PHOTO-2024-09-15-06-42-24.jpg?resize=525%2C300&ssl=1 1.5x"},"classes":[]},{"id":523,"url":"https:\/\/trasatlantica.org\/?page_id=523","url_meta":{"origin":1575,"position":1},"title":"POETRY","author":"diceyk","date":"August 23, 2024","format":false,"excerpt":"Angela AcostaDaniel Ch\u00e1vez LanderosB\u00e1rbara Escobar AnleuIrina GarbatzkyPablo G. LLeonartLara L\u00f3pez de Jes\u00fasDiego MoraEduardo Rodr\u00edguez Mart\u00ednezJos\u00e9 Ram\u00f3n Ruis\u00e1nchezGustavo Ruiz PascacioRicardo Tejera Partido","rel":"","context":"Similar post","block_context":{"text":"Similar post","link":""},"img":{"alt_text":"","src":"https:\/\/i0.wp.com\/trasatlantica.org\/wp-content\/uploads\/2024\/09\/el-sendero-1200182.jpg?resize=350%2C200&ssl=1","width":350,"height":200,"srcset":"https:\/\/i0.wp.com\/trasatlantica.org\/wp-content\/uploads\/2024\/09\/el-sendero-1200182.jpg?resize=350%2C200&ssl=1 1x, https:\/\/i0.wp.com\/trasatlantica.org\/wp-content\/uploads\/2024\/09\/el-sendero-1200182.jpg?resize=525%2C300&ssl=1 1.5x, https:\/\/i0.wp.com\/trasatlantica.org\/wp-content\/uploads\/2024\/09\/el-sendero-1200182.jpg?resize=700%2C400&ssl=1 2x, https:\/\/i0.wp.com\/trasatlantica.org\/wp-content\/uploads\/2024\/09\/el-sendero-1200182.jpg?resize=1050%2C600&ssl=1 3x, https:\/\/i0.wp.com\/trasatlantica.org\/wp-content\/uploads\/2024\/09\/el-sendero-1200182.jpg?resize=1400%2C800&ssl=1 4x"},"classes":[]},{"id":5763,"url":"https:\/\/trasatlantica.org\/?page_id=5763","url_meta":{"origin":1575,"position":2},"title":"Poetry\/Poes\u00eda","author":"Soviet Cuba: Identities in Transition","date":"January 8, 2026","format":false,"excerpt":"Newest additions\/\u00daltimas adiciones Aleyda Quevedo Rojas Alfredo Alonso Estenoz Alicia Llarena Gonz\u00e1lez Ana Merino Antonio Colinas Bruno R\u00edos Coral Bracho Francisco Layna Ranz Hern\u00e1n Bravo Varela Jorge Saucedo Julio Marinas Odette Alonso Olga Mu\u00f1oz Carrasco Tambi\u00e9n\/Also Angela AcostaAtilio CaballeroB\u00e1rbara Escobar AnleuBenito PascualDaniel S\u00e1nchez LanderosDairen ZamoraDiego MoraEduardo Rodr\u00edguez Mart\u00ednezGustavo Ruiz PascacioIrina\u2026","rel":"","context":"Similar post","block_context":{"text":"Similar post","link":""},"img":{"alt_text":"","src":"https:\/\/i0.wp.com\/trasatlantica.org\/wp-content\/uploads\/2024\/09\/barbwire.jpg?resize=350%2C200&ssl=1","width":350,"height":200,"srcset":"https:\/\/i0.wp.com\/trasatlantica.org\/wp-content\/uploads\/2024\/09\/barbwire.jpg?resize=350%2C200&ssl=1 1x, https:\/\/i0.wp.com\/trasatlantica.org\/wp-content\/uploads\/2024\/09\/barbwire.jpg?resize=525%2C300&ssl=1 1.5x, https:\/\/i0.wp.com\/trasatlantica.org\/wp-content\/uploads\/2024\/09\/barbwire.jpg?resize=700%2C400&ssl=1 2x, https:\/\/i0.wp.com\/trasatlantica.org\/wp-content\/uploads\/2024\/09\/barbwire.jpg?resize=1050%2C600&ssl=1 3x, https:\/\/i0.wp.com\/trasatlantica.org\/wp-content\/uploads\/2024\/09\/barbwire.jpg?resize=1400%2C800&ssl=1 4x"},"classes":[]},{"id":3869,"url":"https:\/\/trasatlantica.org\/?page_id=3869","url_meta":{"origin":1575,"position":3},"title":"Omar Chauvie","author":"Soviet Cuba: Identities in Transition","date":"April 19, 2025","format":false,"excerpt":"(al alcance de todos) la prima de\u00a0 gabriela la esposa de\u00a0 andr\u00e9s la mujer de\u00a0 jorgito el yerno de\u00a0 oscar el t\u00edo de\u00a0 rogelio la hermana de\u00a0 m\u00e1xima la novia de\u00a0 pablo la mujer de\u00a0 eduardo el primo de ricardo la esposa de iv\u00e1n el hijo de\u00a0 juan carlos el\u2026","rel":"","context":"Similar post","block_context":{"text":"Similar post","link":""},"img":{"alt_text":"","src":"https:\/\/trasatlantica.org\/wp-content\/uploads\/2025\/05\/preparando-concepto-mate-linda-taza_23-2149720793.avif","width":350,"height":200,"srcset":"https:\/\/trasatlantica.org\/wp-content\/uploads\/2025\/05\/preparando-concepto-mate-linda-taza_23-2149720793.avif 1x, https:\/\/trasatlantica.org\/wp-content\/uploads\/2025\/05\/preparando-concepto-mate-linda-taza_23-2149720793.avif 1.5x, https:\/\/trasatlantica.org\/wp-content\/uploads\/2025\/05\/preparando-concepto-mate-linda-taza_23-2149720793.avif 2x"},"classes":[]},{"id":395,"url":"https:\/\/trasatlantica.org\/?page_id=395","url_meta":{"origin":1575,"position":4},"title":"Daniel Escandell-Montiel","author":"diceyk","date":"August 25, 2024","format":false,"excerpt":"Universidad de Salamanca T\u00e9cnicas emergentes para contar historias: la narrativa procedimental y su potencial creativo y reactivo en los hipermedios ResumenLa generaci\u00f3n de textos persigue simular el esp\u00edritu creativo no solo desde un ingenio literario artificial, sino tambi\u00e9n desde el videojuego como hipermedio narrativamente complejo y reactivo ante el usuario.\u2026","rel":"","context":"Similar post","block_context":{"text":"Similar post","link":""},"img":{"alt_text":"","src":"https:\/\/i0.wp.com\/trasatlantica.org\/wp-content\/uploads\/2024\/08\/untitled-11.png?resize=350%2C200&ssl=1","width":350,"height":200,"srcset":"https:\/\/i0.wp.com\/trasatlantica.org\/wp-content\/uploads\/2024\/08\/untitled-11.png?resize=350%2C200&ssl=1 1x, https:\/\/i0.wp.com\/trasatlantica.org\/wp-content\/uploads\/2024\/08\/untitled-11.png?resize=525%2C300&ssl=1 1.5x, https:\/\/i0.wp.com\/trasatlantica.org\/wp-content\/uploads\/2024\/08\/untitled-11.png?resize=700%2C400&ssl=1 2x, https:\/\/i0.wp.com\/trasatlantica.org\/wp-content\/uploads\/2024\/08\/untitled-11.png?resize=1050%2C600&ssl=1 3x"},"classes":[]}],"_links":{"self":[{"href":"https:\/\/trasatlantica.org\/index.php?rest_route=\/wp\/v2\/pages\/1575","targetHints":{"allow":["GET"]}}],"collection":[{"href":"https:\/\/trasatlantica.org\/index.php?rest_route=\/wp\/v2\/pages"}],"about":[{"href":"https:\/\/trasatlantica.org\/index.php?rest_route=\/wp\/v2\/types\/page"}],"author":[{"embeddable":true,"href":"https:\/\/trasatlantica.org\/index.php?rest_route=\/wp\/v2\/users\/196861203"}],"replies":[{"embeddable":true,"href":"https:\/\/trasatlantica.org\/index.php?rest_route=%2Fwp%2Fv2%2Fcomments&post=1575"}],"version-history":[{"count":24,"href":"https:\/\/trasatlantica.org\/index.php?rest_route=\/wp\/v2\/pages\/1575\/revisions"}],"predecessor-version":[{"id":2813,"href":"https:\/\/trasatlantica.org\/index.php?rest_route=\/wp\/v2\/pages\/1575\/revisions\/2813"}],"up":[{"embeddable":true,"href":"https:\/\/trasatlantica.org\/index.php?rest_route=\/wp\/v2\/pages\/523"}],"wp:attachment":[{"href":"https:\/\/trasatlantica.org\/index.php?rest_route=%2Fwp%2Fv2%2Fmedia&parent=1575"}],"curies":[{"name":"wp","href":"https:\/\/api.w.org\/{rel}","templated":true}]}}