{"id":523,"date":"2024-08-23T01:46:17","date_gmt":"2024-08-23T05:46:17","guid":{"rendered":"https:\/\/trasatlantica.org\/?page_id=523"},"modified":"2025-02-25T16:05:13","modified_gmt":"2025-02-25T21:05:13","slug":"poetry","status":"publish","type":"page","link":"https:\/\/trasatlantica.org\/?page_id=523","title":{"rendered":"POETRY"},"content":{"rendered":"\n<div class=\"wp-block-media-text alignfull is-stacked-on-mobile is-image-fill-element is-style-default has-primary-background-color has-background\" style=\"grid-template-columns:64% auto\"><figure class=\"wp-block-media-text__media\"><img data-recalc-dims=\"1\" decoding=\"async\" width=\"1856\" height=\"1392\" data-attachment-id=\"974\" data-permalink=\"https:\/\/trasatlantica.org\/?attachment_id=974\" data-orig-file=\"https:\/\/i0.wp.com\/trasatlantica.org\/wp-content\/uploads\/2024\/09\/el-sendero-1200182.jpg?fit=1856%2C1392&amp;ssl=1\" data-orig-size=\"1856,1392\" data-comments-opened=\"1\" data-image-meta=\"{&quot;aperture&quot;:&quot;2.8&quot;,&quot;credit&quot;:&quot;&quot;,&quot;camera&quot;:&quot;CYBERSHOT&quot;,&quot;caption&quot;:&quot;&quot;,&quot;created_timestamp&quot;:&quot;1094154212&quot;,&quot;copyright&quot;:&quot;&quot;,&quot;focal_length&quot;:&quot;7.1&quot;,&quot;iso&quot;:&quot;184&quot;,&quot;shutter_speed&quot;:&quot;0.033333333333333&quot;,&quot;title&quot;:&quot;&quot;,&quot;orientation&quot;:&quot;1&quot;}\" data-image-title=\"el-sendero-1200182\" data-image-description=\"\" data-image-caption=\"\" data-large-file=\"https:\/\/i0.wp.com\/trasatlantica.org\/wp-content\/uploads\/2024\/09\/el-sendero-1200182.jpg?fit=580%2C435&amp;ssl=1\" src=\"https:\/\/i0.wp.com\/trasatlantica.org\/wp-content\/uploads\/2024\/09\/el-sendero-1200182.jpg?resize=1856%2C1392&#038;ssl=1\" alt=\"\" class=\"wp-image-974 size-full\" style=\"object-position:50% 50%\"\/><\/figure><div class=\"wp-block-media-text__content\">\n<div class=\"wp-block-group has-accent-color has-text-color has-link-color wp-elements-af62834de56ee7f8cf31a98267fbfa5f\"><div class=\"wp-block-group__inner-container is-layout-constrained wp-block-group-is-layout-constrained\">\n<p class=\"has-text-align-center is-style-default has-primary-color has-text-color has-link-color has-large-font-size wp-elements-e009b420ccfb1999e4a5b42af5861806 wp-block-paragraph\"><a href=\"https:\/\/trasatlantica.org\/?page_id=479\">Angela Acosta<\/a><br><br><mark style=\"background-color:rgba(0, 0, 0, 0)\" class=\"has-inline-color has-primary-color\"><a href=\"https:\/\/trasatlantica.org\/?page_id=2053\">Daniel Ch\u00e1vez Landeros<\/a><\/mark><br><br><a href=\"https:\/\/trasatlantica.org\/?page_id=299\">B\u00e1rbara Escobar Anleu<\/a><br><br><a href=\"https:\/\/trasatlantica.org\/?page_id=645\">Irina Garbatzky<\/a><br><br><a href=\"https:\/\/trasatlantica.org\/?page_id=442\">Pablo G. LLeonart<\/a><br><br><a href=\"https:\/\/trasatlantica.org\/?page_id=320\">Lara L\u00f3pez de Jes\u00fas<\/a><br><br><a href=\"https:\/\/trasatlantica.org\/?page_id=278\">Diego Mora<\/a><br><br><a href=\"https:\/\/trasatlantica.org\/?page_id=331\">Eduardo Rodr\u00edguez Mart\u00ednez<\/a><br><br><a href=\"https:\/\/trasatlantica.org\/?page_id=421\">Jos\u00e9 Ram\u00f3n Ruis\u00e1nchez<\/a><br><br><a href=\"https:\/\/trasatlantica.org\/?page_id=1970\">Gustavo Ruiz Pascacio<\/a><br><br><a href=\"https:\/\/trasatlantica.org\/?page_id=1575\">Ricardo Tejera Partido<\/a><br><\/p>\n<\/div><\/div>\n<\/div><\/div>\n<!-- PMB print buttons is only displayed on a single post\/page URLs-->","protected":false},"excerpt":{"rendered":"","protected":false},"author":196861203,"featured_media":0,"parent":492,"menu_order":0,"comment_status":"closed","ping_status":"closed","template":"","meta":{"_coblocks_attr":"ArialYrsa,Ubuntu,Tajawal,Arial,Helvetica,","_coblocks_dimensions":"","_coblocks_responsive_height":"","_coblocks_accordion_ie_support":"","_crdt_document":"","advanced_seo_description":"","jetpack_seo_html_title":"","jetpack_seo_noindex":false,"footnotes":""},"class_list":["post-523","page","type-page","status-publish","hentry"],"jetpack_likes_enabled":false,"jetpack_sharing_enabled":true,"jetpack_shortlink":"https:\/\/wp.me\/P2V8if-8r","jetpack-related-posts":[{"id":195,"url":"https:\/\/trasatlantica.org\/?page_id=195","url_meta":{"origin":523,"position":0},"title":"Call for submissions","author":"diceyk","date":"August 11, 2024","format":false,"excerpt":"Trasatl\u00e1ntica: Poetry and Scholarship invites Spanish, Portuguese, and Latinx poetry enthusiasts to send their contributions. \u00a0We are an online cultural and literary magazine based in Cleveland, Ohio, USA. We are committed to promoting the arts, focusing on Hispanic poetry produced in the USA, Spain, Portugal, and Latin America, with submissions\u2026","rel":"","context":"Similar post","block_context":{"text":"Similar post","link":""},"img":{"alt_text":"","src":"","width":0,"height":0},"classes":[]},{"id":2194,"url":"https:\/\/trasatlantica.org\/?page_id=2194","url_meta":{"origin":523,"position":1},"title":"Submission Guidelines","author":"Soviet Cuba: Identities in Transition","date":"October 18, 2024","format":false,"excerpt":"Submission Guidelines\u00a0\u00a0 Submissions must be written in Spanish, English, or Portuguese. We are unable to accept AI-generated works at this time. For poetry translation, please see the specific requirements. Please use the submissions link in our website, or email it to trasatlantica@trasatlantica.org. Write your name and the category in which\u2026","rel":"","context":"Similar post","block_context":{"text":"Similar post","link":""},"img":{"alt_text":"","src":"","width":0,"height":0},"classes":[]},{"id":3861,"url":"https:\/\/trasatlantica.org\/?page_id=3861","url_meta":{"origin":523,"position":2},"title":"Poetry","author":"Soviet Cuba: Identities in Transition","date":"May 24, 2025","format":false,"excerpt":"In this issue Coral Bracho Atilio Caballero Odette Alonso Benito Pascual Nohora Cardona Omar Chauvie Concha Pelayo Dairen Zamora Urayo\u00e1n Noel","rel":"","context":"Similar post","block_context":{"text":"Similar post","link":""},"img":{"alt_text":"","src":"","width":0,"height":0},"classes":[]},{"id":185,"url":"https:\/\/trasatlantica.org\/?page_id=185","url_meta":{"origin":523,"position":3},"title":"EVENTS","author":"diceyk","date":"August 10, 2024","format":false,"excerpt":"Forthcoming Events 2025 (Specific dates to be determined at a later time) A three-day arts festival intertwining Hispanic poetry, cinema, and theater. Local and international writers, playwrights, scholars, and actors will participate. (in April) An online International Bilingual Poetry Festival with Hispanic poets from Cleveland, the USA, Spain, and Latin\u2026","rel":"","context":"Similar post","block_context":{"text":"Similar post","link":""},"img":{"alt_text":"","src":"","width":0,"height":0},"classes":[]},{"id":5780,"url":"https:\/\/trasatlantica.org\/?page_id=5780","url_meta":{"origin":523,"position":4},"title":"News and Events\/Noticias y eventos","author":"Soviet Cuba: Identities in Transition","date":"January 8, 2026","format":false,"excerpt":"2026 Events: 2025 Events: Nov. 10, 2025: Poetry reading and presentation of the Trasatl\u00e1ntica Project, with members of the Board of Directors.\u00a0El \u00faltimo encuentro bookstore in Mexico City. Oct. 27, 2025: Poetry reading and presentation of the Trasatl\u00e1ntica Project. Poetry publishers and editors round panel. 20thanniversary of the Chilango-Andaluz International\u2026","rel":"","context":"Similar post","block_context":{"text":"Similar post","link":""},"img":{"alt_text":"","src":"","width":0,"height":0},"classes":[]},{"id":5763,"url":"https:\/\/trasatlantica.org\/?page_id=5763","url_meta":{"origin":523,"position":5},"title":"Poetry\/Poes\u00eda","author":"Soviet Cuba: Identities in Transition","date":"January 8, 2026","format":false,"excerpt":"Newest additions\/\u00daltimas adiciones Aleyda Quevedo Rojas Alfredo Alonso Estenoz Alicia Llarena Gonz\u00e1lez Ana Merino Antonio Colinas Bruno R\u00edos Coral Bracho Francisco Layna Ranz Hern\u00e1n Bravo Varela Jorge Saucedo Julio Marinas Odette Alonso Olga Mu\u00f1oz Carrasco Tambi\u00e9n\/Also Angela AcostaAtilio CaballeroB\u00e1rbara Escobar AnleuBenito PascualDaniel S\u00e1nchez LanderosDairen ZamoraDiego MoraEduardo Rodr\u00edguez Mart\u00ednezGustavo Ruiz PascacioIrina\u2026","rel":"","context":"Similar post","block_context":{"text":"Similar post","link":""},"img":{"alt_text":"","src":"https:\/\/i0.wp.com\/trasatlantica.org\/wp-content\/uploads\/2024\/09\/barbwire.jpg?resize=350%2C200&ssl=1","width":350,"height":200,"srcset":"https:\/\/i0.wp.com\/trasatlantica.org\/wp-content\/uploads\/2024\/09\/barbwire.jpg?resize=350%2C200&ssl=1 1x, https:\/\/i0.wp.com\/trasatlantica.org\/wp-content\/uploads\/2024\/09\/barbwire.jpg?resize=525%2C300&ssl=1 1.5x, https:\/\/i0.wp.com\/trasatlantica.org\/wp-content\/uploads\/2024\/09\/barbwire.jpg?resize=700%2C400&ssl=1 2x, https:\/\/i0.wp.com\/trasatlantica.org\/wp-content\/uploads\/2024\/09\/barbwire.jpg?resize=1050%2C600&ssl=1 3x, https:\/\/i0.wp.com\/trasatlantica.org\/wp-content\/uploads\/2024\/09\/barbwire.jpg?resize=1400%2C800&ssl=1 4x"},"classes":[]}],"_links":{"self":[{"href":"https:\/\/trasatlantica.org\/index.php?rest_route=\/wp\/v2\/pages\/523","targetHints":{"allow":["GET"]}}],"collection":[{"href":"https:\/\/trasatlantica.org\/index.php?rest_route=\/wp\/v2\/pages"}],"about":[{"href":"https:\/\/trasatlantica.org\/index.php?rest_route=\/wp\/v2\/types\/page"}],"author":[{"embeddable":true,"href":"https:\/\/trasatlantica.org\/index.php?rest_route=\/wp\/v2\/users\/196861203"}],"replies":[{"embeddable":true,"href":"https:\/\/trasatlantica.org\/index.php?rest_route=%2Fwp%2Fv2%2Fcomments&post=523"}],"version-history":[{"count":60,"href":"https:\/\/trasatlantica.org\/index.php?rest_route=\/wp\/v2\/pages\/523\/revisions"}],"predecessor-version":[{"id":6515,"href":"https:\/\/trasatlantica.org\/index.php?rest_route=\/wp\/v2\/pages\/523\/revisions\/6515"}],"up":[{"embeddable":true,"href":"https:\/\/trasatlantica.org\/index.php?rest_route=\/wp\/v2\/pages\/492"}],"wp:attachment":[{"href":"https:\/\/trasatlantica.org\/index.php?rest_route=%2Fwp%2Fv2%2Fmedia&parent=523"}],"curies":[{"name":"wp","href":"https:\/\/api.w.org\/{rel}","templated":true}]}}

<div class="wp-block-media-text alignfull is-stacked-on-mobile is-image-fill-element is-style-default has-primary-background-color has-background" style="grid-template-columns:64% auto"><figure class="wp-block-media-text__media"><img data-recalc-dims="1" decoding="async" width="1856" height="1392" data-attachment-id="974" data-permalink="https://trasatlantica.org/?attachment_id=974" data-orig-file="https://i0.wp.com/trasatlantica.org/wp-content/uploads/2024/09/el-sendero-1200182.jpg?fit=1856%2C1392&amp;ssl=1" data-orig-size="1856,1392" data-comments-opened="1" data-image-meta="{&quot;aperture&quot;:&quot;2.8&quot;,&quot;credit&quot;:&quot;&quot;,&quot;camera&quot;:&quot;CYBERSHOT&quot;,&quot;caption&quot;:&quot;&quot;,&quot;created_timestamp&quot;:&quot;1094154212&quot;,&quot;copyright&quot;:&quot;&quot;,&quot;focal_length&quot;:&quot;7.1&quot;,&quot;iso&quot;:&quot;184&quot;,&quot;shutter_speed&quot;:&quot;0.033333333333333&quot;,&quot;title&quot;:&quot;&quot;,&quot;orientation&quot;:&quot;1&quot;}" data-image-title="el-sendero-1200182" data-image-description="" data-image-caption="" data-large-file="https://i0.wp.com/trasatlantica.org/wp-content/uploads/2024/09/el-sendero-1200182.jpg?fit=580%2C435&amp;ssl=1" src="https://i0.wp.com/trasatlantica.org/wp-content/uploads/2024/09/el-sendero-1200182.jpg?resize=1856%2C1392&#038;ssl=1" alt="" class="wp-image-974 size-full" style="object-position:50% 50%"/></figure><div class="wp-block-media-text__content">
<div class="wp-block-group has-accent-color has-text-color has-link-color wp-elements-af62834de56ee7f8cf31a98267fbfa5f"><div class="wp-block-group__inner-container is-layout-constrained wp-block-group-is-layout-constrained">
<p class="has-text-align-center is-style-default has-primary-color has-text-color has-link-color has-large-font-size wp-elements-e009b420ccfb1999e4a5b42af5861806 wp-block-paragraph"><a href="https://trasatlantica.org/?page_id=479">Angela Acosta</a><br><br><mark style="background-color:rgba(0, 0, 0, 0)" class="has-inline-color has-primary-color"><a href="https://trasatlantica.org/?page_id=2053">Daniel Chávez Landeros</a></mark><br><br><a href="https://trasatlantica.org/?page_id=299">Bárbara Escobar Anleu</a><br><br><a href="https://trasatlantica.org/?page_id=645">Irina Garbatzky</a><br><br><a href="https://trasatlantica.org/?page_id=442">Pablo G. LLeonart</a><br><br><a href="https://trasatlantica.org/?page_id=320">Lara López de Jesús</a><br><br><a href="https://trasatlantica.org/?page_id=278">Diego Mora</a><br><br><a href="https://trasatlantica.org/?page_id=331">Eduardo Rodríguez Martínez</a><br><br><a href="https://trasatlantica.org/?page_id=421">José Ramón Ruisánchez</a><br><br><a href="https://trasatlantica.org/?page_id=1970">Gustavo Ruiz Pascacio</a><br><br><a href="https://trasatlantica.org/?page_id=1575">Ricardo Tejera Partido</a><br></p>
</div></div>
</div></div>
<!-- PMB print buttons is only displayed on a single post/page URLs-->

Trasatlántica: Poetry and Scholarship invites Spanish, Portuguese, and Latinx poetry enthusiasts to send their contributions.  We are an online cultural and literary magazine based in Cleveland, Ohio, USA. We are committed to promoting the arts, focusing on Hispanic poetry produced in the USA, Spain, Portugal, and Latin America, with submissions…

In this issue Coral Bracho Atilio Caballero Odette Alonso Benito Pascual Nohora Cardona Omar Chauvie Concha Pelayo Dairen Zamora Urayoán Noel

2026 Events: 2025 Events: Nov. 10, 2025: Poetry reading and presentation of the Trasatlántica Project, with members of the Board of Directors. El último encuentro bookstore in Mexico City. Oct. 27, 2025: Poetry reading and presentation of the Trasatlántica Project. Poetry publishers and editors round panel. 20thanniversary of the Chilango-Andaluz International…

Poetry/Poesía

Newest additions/Últimas adiciones Aleyda Quevedo Rojas Alfredo Alonso Estenoz Alicia Llarena González Ana Merino Antonio Colinas Bruno Ríos Coral Bracho Francisco Layna Ranz Hernán Bravo Varela Jorge Saucedo Julio Marinas Odette Alonso Olga Muñoz Carrasco También/Also Angela AcostaAtilio CaballeroBárbara Escobar AnleuBenito PascualDaniel Sánchez LanderosDairen ZamoraDiego MoraEduardo Rodríguez MartínezGustavo Ruiz PascacioIrina…
