{"id":559,"date":"2024-08-25T19:31:37","date_gmt":"2024-08-25T23:31:37","guid":{"rendered":"https:\/\/trasatlantica.org\/?page_id=559"},"modified":"2026-01-20T10:02:40","modified_gmt":"2026-01-20T15:02:40","slug":"legal-notice","status":"publish","type":"page","link":"https:\/\/trasatlantica.org\/?page_id=559","title":{"rendered":"Legal Notice\/Aviso legal"},"content":{"rendered":"\n<div class=\"wp-block-group alignwide has-secondary-background-color has-text-color has-background has-link-color wp-elements-0131748572e4e83a4e316aaec843a58b\" style=\"color:#f6f2f200\"><div class=\"wp-block-group__inner-container is-layout-constrained wp-block-group-is-layout-constrained\">\n<div class=\"wp-block-group alignfull has-primary-color has-background-background-color has-text-color has-background has-link-color has-small-font-size mb-0 mt-0 wp-elements-7551adc911f43aa774499df3444a0cf4\"><div class=\"wp-block-group__inner-container is-layout-constrained wp-block-group-is-layout-constrained\">\n<p class=\"wp-block-paragraph\"><strong>Legal Notice &amp; Copyright Policy<\/strong><\/p>\n\n\n\n<p class=\"wp-block-paragraph\">The opinions expressed in&nbsp;<em>Trasatl\u00e1ntica<\/em>&nbsp;are solely those of the individual authors and do not necessarily reflect the views of the Board of Directors, Editorial Board, or any other members of the organization.<\/p>\n\n\n\n<p class=\"wp-block-paragraph\">By submitting and accepting the publication of their articles or creative works in&nbsp;<em>Trasatl\u00e1ntica<\/em>, authors affirm that their submissions are original works and that they hold the necessary rights for publication.<\/p>\n\n\n\n<p class=\"wp-block-paragraph\"><strong>Copyright and Author Rights<\/strong><\/p>\n\n\n\n<p class=\"wp-block-paragraph\">Unless otherwise agreed in writing, authors retain full copyright of their work.&nbsp;<em>Trasatl\u00e1ntica<\/em>&nbsp;publishes all content under a&nbsp;<strong>non-exclusive license<\/strong>, allowing the journal to publish, archive, and promote the work while authors maintain ownership and reuse rights.<\/p>\n\n\n\n<p class=\"wp-block-paragraph\">Specifically, authors retain the non-exclusive right to:<\/p>\n\n\n\n<ul class=\"wp-block-list\">\n<li>Use, reproduce, distribute, publicly perform, display, and create derivative works of their contributions in print, digital, or future media formats.<\/li>\n\n\n\n<li>Reuse their work for teaching, lectures, conference presentations, scholarly publications, and other academic or professional activities.<\/li>\n\n\n\n<li>Make the final published version of their work available online, including on personal or institutional websites, digital repositories, or other non-commercial platforms, provided that original publication in&nbsp;<em>Trasatl\u00e1ntica<\/em>&nbsp;is acknowledged.<\/li>\n\n\n\n<li>Authorize their employer or affiliated institution to use the work for educational, scholarly, and archival purposes.<\/li>\n<\/ul>\n\n\n\n<p class=\"wp-block-paragraph\">In the event of any conflict between this policy and a separate written publication agreement, the terms of the written agreement shall prevail. Any modification to publication terms must be made in writing and agreed upon by both the author and an authorized representative of&nbsp;<em>Trasatl\u00e1ntica<\/em>.<\/p>\n\n\n\n<p class=\"wp-block-paragraph\"><strong>About Trasatl\u00e1ntica<\/strong><\/p>\n\n\n\n<p class=\"wp-block-paragraph\"><em>Trasatl\u00e1ntica<\/em>&nbsp;is a peer-reviewed cultural platform dedicated to the study, creation, and promotion of poetry and the arts produced and engaged with in Spanish, Portuguese, and English across the Atlantic world.<\/p>\n\n\n\n<hr class=\"wp-block-separator has-alpha-channel-opacity\"\/>\n\n\n\n<p class=\"wp-block-paragraph\"><strong>Aviso Legal y Pol\u00edtica de Derechos de Autor<\/strong><\/p>\n\n\n\n<p class=\"wp-block-paragraph\">Las opiniones expresadas en&nbsp;<em>Trasatl\u00e1ntica<\/em>&nbsp;son exclusivamente responsabilidad de sus autores y no reflejan necesariamente la posici\u00f3n del Consejo Directivo, del Consejo Editorial ni de ning\u00fan otro miembro de la organizaci\u00f3n.<\/p>\n\n\n\n<p class=\"wp-block-paragraph\">Al enviar y aceptar la publicaci\u00f3n de art\u00edculos o trabajos creativos en&nbsp;<em>Trasatl\u00e1ntica<\/em>, los autores declaran que las obras son originales y que poseen los derechos necesarios para su publicaci\u00f3n.<\/p>\n\n\n\n<p class=\"wp-block-paragraph\"><strong>Derechos de Autor y Derechos del Autor<\/strong><\/p>\n\n\n\n<p class=\"wp-block-paragraph\">Salvo acuerdo expreso por escrito, los autores conservan la totalidad de los derechos de autor sobre sus obras.&nbsp;<em>Trasatl\u00e1ntica<\/em>&nbsp;publica los contenidos bajo una&nbsp;<strong>licencia no exclusiva<\/strong>, que permite a la revista publicar, archivar y difundir las obras, sin que ello afecte la titularidad de los derechos por parte de los autores.<\/p>\n\n\n\n<p class=\"wp-block-paragraph\">En particular, los autores conservan el derecho no exclusivo a:<\/p>\n\n\n\n<ul class=\"wp-block-list\">\n<li>Usar, reproducir, distribuir, comunicar p\u00fablicamente, exhibir y crear obras derivadas de sus contribuciones, en formato impreso, digital o en cualquier otro medio que se desarrolle en el futuro.<\/li>\n\n\n\n<li>Reutilizar sus obras con fines docentes, acad\u00e9micos o profesionales, incluyendo clases, conferencias, ponencias, publicaciones acad\u00e9micas u otras actividades afines.<\/li>\n\n\n\n<li>Poner a disposici\u00f3n del p\u00fablico la versi\u00f3n final publicada de la obra en formato digital, ya sea en sitios web personales o institucionales, repositorios digitales u otras plataformas no comerciales, siempre que se cite adecuadamente la publicaci\u00f3n original en&nbsp;<em>Trasatl\u00e1ntica<\/em>.<\/li>\n\n\n\n<li>Autorizar a su empleador o instituci\u00f3n de afiliaci\u00f3n a usar la obra con fines educativos, acad\u00e9micos, profesionales o de archivo.<\/li>\n<\/ul>\n\n\n\n<p class=\"wp-block-paragraph\">En caso de conflicto entre esta pol\u00edtica y un acuerdo de publicaci\u00f3n firmado por escrito, prevalecer\u00e1n los t\u00e9rminos del acuerdo escrito. Cualquier modificaci\u00f3n de las condiciones de publicaci\u00f3n deber\u00e1 realizarse por escrito y contar con la aceptaci\u00f3n tanto del autor como de un representante autorizado de&nbsp;<em>Trasatl\u00e1ntica<\/em>.<\/p>\n\n\n\n<p class=\"wp-block-paragraph\"><strong>Sobre Trasatl\u00e1ntica<\/strong><\/p>\n\n\n\n<p class=\"wp-block-paragraph\"><em>Trasatl\u00e1ntica<\/em>&nbsp;es una plataforma cultural y acad\u00e9mica con revisi\u00f3n por pares, dedicada al estudio, la creaci\u00f3n y la promoci\u00f3n de la poes\u00eda y las artes producidas y difundidas en espa\u00f1ol, portugu\u00e9s e ingl\u00e9s en el \u00e1mbito transatl\u00e1ntico.<\/p>\n<\/div><\/div>\n<\/div><\/div>\n\n\n\n<p class=\"wp-block-paragraph\"><\/p>\n<!-- PMB print buttons is only displayed on a single post\/page URLs-->","protected":false},"excerpt":{"rendered":"<p>Legal Notice &amp; Copyright Policy The opinions expressed in&nbsp;Trasatl\u00e1ntica&nbsp;are solely those of the individual authors and do not necessarily reflect the views of the Board of Directors, Editorial Board, or any other members of the organization. By submitting and accepting the publication of their articles or creative works in&nbsp;Trasatl\u00e1ntica, authors affirm that their submissions are [&hellip;]<\/p>\n","protected":false},"author":196861203,"featured_media":0,"parent":492,"menu_order":0,"comment_status":"closed","ping_status":"closed","template":"","meta":{"_coblocks_attr":"","_coblocks_dimensions":"","_coblocks_responsive_height":"","_coblocks_accordion_ie_support":"","_crdt_document":"","advanced_seo_description":"","jetpack_seo_html_title":"","jetpack_seo_noindex":false,"footnotes":""},"class_list":["post-559","page","type-page","status-publish","hentry"],"jetpack_likes_enabled":false,"jetpack_sharing_enabled":true,"jetpack_shortlink":"https:\/\/wp.me\/P2V8if-91","jetpack-related-posts":[{"id":601,"url":"https:\/\/trasatlantica.org\/?page_id=601","url_meta":{"origin":559,"position":0},"title":"Editorial Board","author":"Soviet Cuba: Identities in Transition","date":"September 12, 2024","format":false,"excerpt":"--Carlos Manuel Alvarez (Spain\/Cuba_Independent scholar and writer)\u2013Aurora Luque (Spain_Professor, translator, and poet. National Literature Award for Poetry)\u2013Ruy Ventura (Portugal_Scholar, poet and writer)\u2013Ben Clark (Spain_Poet, professor and translator)\u2013Ignacio Ruiz P\u00e9rez (M\u00e9xico \/ USA_Poet and scholar)\u2013Fernando D\u00edaz San Miguel (Spain_Writer, cultural promoter, and professor)\u2013Irina Garbatzky (Argentina_Poet and scholar)\u00a0\u2013Aleisa Ribalta (Cuba\/Sweden_Poet, professor, and\u2026","rel":"","context":"Similar post","block_context":{"text":"Similar post","link":""},"img":{"alt_text":"","src":"","width":0,"height":0},"classes":[]},{"id":544,"url":"https:\/\/trasatlantica.org\/?page_id=544","url_meta":{"origin":559,"position":1},"title":"Who We Are","author":"diceyk","date":"August 25, 2024","format":false,"excerpt":"Board of Directors Damaris Pu\u00f1ales-Alp\u00edzarPresident and Founder Luis Arturo GuichardVice-President Mabel CuestaSecretary Jos\u00e9 Ram\u00f3n Ruis\u00e1nchezOfficer Michael GillOfficer Nohora Viviana Cardona N\u00fa\u00f1ezOfficer Hayd\u00e9e Espino Officer Mayra Santos-Febres Officer Manuel Chinchilla Officer Community Outreach Manager: Mariana Valdez Intern (Spring 2026): Vinnie Liu","rel":"","context":"Similar post","block_context":{"text":"Similar post","link":""},"img":{"alt_text":"","src":"https:\/\/i0.wp.com\/trasatlantica.org\/wp-content\/uploads\/2026\/04\/image.png?resize=350%2C200&ssl=1","width":350,"height":200},"classes":[]},{"id":630,"url":"https:\/\/trasatlantica.org\/?page_id=630","url_meta":{"origin":559,"position":2},"title":"Mission\/Misi\u00f3n","author":"Soviet Cuba: Identities in Transition","date":"September 12, 2024","format":false,"excerpt":"Our mission is to connect Hispanic poetry and the arts across the United States, Latin America, and Spain, highlighting the historical, cultural, and linguistic bonds that unite Spanish-speaking communities worldwide. We envision a world in which Hispanic and Latinx voices are central to global cultural conversations, and where poetry and\u2026","rel":"","context":"Similar post","block_context":{"text":"Similar post","link":""},"img":{"alt_text":"","src":"","width":0,"height":0},"classes":[]},{"id":6943,"url":"https:\/\/trasatlantica.org\/?page_id=6943","url_meta":{"origin":559,"position":3},"title":"Trasatl\u00e1ntica in Mexico","author":"Soviet Cuba: Identities in Transition","date":"February 8, 2026","format":false,"excerpt":"Trasatl\u00e1ntica llega a M\u00e9xico: Poetry\u00a0reading and presentation of the Trasatl\u00e1ntica Project, with members of the Board of Directors: Damaris Pu\u00f1ales-Alp\u00edzar, Mabel Cuesta, and Jos\u00e9 Ram\u00f3n Ruis\u00e1nchez.\u00a0El \u00faltimo encuentro\u00a0bookstore in Mexico City, November 10, 2025. Trasatl\u00e1ntica thanks Evelio Rojas, founder and owner of El \u00faltimo encuentro for allowing us to use\u2026","rel":"","context":"Similar post","block_context":{"text":"Similar post","link":""},"img":{"alt_text":"","src":"https:\/\/i0.wp.com\/trasatlantica.org\/wp-content\/uploads\/2026\/02\/WhatsApp-Image-2026-02-03-at-21.05.48-1.jpeg?resize=350%2C200&ssl=1","width":350,"height":200},"classes":[]},{"id":3936,"url":"https:\/\/trasatlantica.org\/?page_id=3936","url_meta":{"origin":559,"position":4},"title":"Urayo\u00e1n Noel","author":"Soviet Cuba: Identities in Transition","date":"April 22, 2025","format":false,"excerpt":"SOLOS a Rigoberto Gonz\u00e1lez)Our rough topics?Time\u2019s bluff. Viertes flemas. Suertes.Raw pics.Burnt skytropics. Quemas cielos. \u00bfTemas?We\u2019ll cry or wish to die. Duelos. Llantos de losOur swishstays fresh.Fierce (-ish)! tantos crueles cantos.Sun's meshbesetour flesh. Dueles. Somos pieles.Now letus kill(word!) debt Lomos. Plexos. Homos\u2026untilwe're worththe nil Nexos sin sexos.of earthwe claimat birth. Ruin\u2026","rel":"","context":"Similar post","block_context":{"text":"Similar post","link":""},"img":{"alt_text":"","src":"","width":0,"height":0},"classes":[]},{"id":5780,"url":"https:\/\/trasatlantica.org\/?page_id=5780","url_meta":{"origin":559,"position":5},"title":"News and Events\/Noticias y eventos","author":"Soviet Cuba: Identities in Transition","date":"January 8, 2026","format":false,"excerpt":"2026 Events: 2025 Events: Nov. 10, 2025: Poetry reading and presentation of the Trasatl\u00e1ntica Project, with members of the Board of Directors.\u00a0El \u00faltimo encuentro bookstore in Mexico City. Oct. 27, 2025: Poetry reading and presentation of the Trasatl\u00e1ntica Project. Poetry publishers and editors round panel. 20thanniversary of the Chilango-Andaluz International\u2026","rel":"","context":"Similar post","block_context":{"text":"Similar post","link":""},"img":{"alt_text":"","src":"","width":0,"height":0},"classes":[]}],"_links":{"self":[{"href":"https:\/\/trasatlantica.org\/index.php?rest_route=\/wp\/v2\/pages\/559","targetHints":{"allow":["GET"]}}],"collection":[{"href":"https:\/\/trasatlantica.org\/index.php?rest_route=\/wp\/v2\/pages"}],"about":[{"href":"https:\/\/trasatlantica.org\/index.php?rest_route=\/wp\/v2\/types\/page"}],"author":[{"embeddable":true,"href":"https:\/\/trasatlantica.org\/index.php?rest_route=\/wp\/v2\/users\/196861203"}],"replies":[{"embeddable":true,"href":"https:\/\/trasatlantica.org\/index.php?rest_route=%2Fwp%2Fv2%2Fcomments&post=559"}],"version-history":[{"count":22,"href":"https:\/\/trasatlantica.org\/index.php?rest_route=\/wp\/v2\/pages\/559\/revisions"}],"predecessor-version":[{"id":6408,"href":"https:\/\/trasatlantica.org\/index.php?rest_route=\/wp\/v2\/pages\/559\/revisions\/6408"}],"up":[{"embeddable":true,"href":"https:\/\/trasatlantica.org\/index.php?rest_route=\/wp\/v2\/pages\/492"}],"wp:attachment":[{"href":"https:\/\/trasatlantica.org\/index.php?rest_route=%2Fwp%2Fv2%2Fmedia&parent=559"}],"curies":[{"name":"wp","href":"https:\/\/api.w.org\/{rel}","templated":true}]}}

<div class="wp-block-group alignwide has-secondary-background-color has-text-color has-background has-link-color wp-elements-0131748572e4e83a4e316aaec843a58b" style="color:#f6f2f200"><div class="wp-block-group__inner-container is-layout-constrained wp-block-group-is-layout-constrained">
<div class="wp-block-group alignfull has-primary-color has-background-background-color has-text-color has-background has-link-color has-small-font-size mb-0 mt-0 wp-elements-7551adc911f43aa774499df3444a0cf4"><div class="wp-block-group__inner-container is-layout-constrained wp-block-group-is-layout-constrained">
<p class="wp-block-paragraph"><strong>Legal Notice &amp; Copyright Policy</strong></p>



<p class="wp-block-paragraph">The opinions expressed in&nbsp;<em>Trasatlántica</em>&nbsp;are solely those of the individual authors and do not necessarily reflect the views of the Board of Directors, Editorial Board, or any other members of the organization.</p>



<p class="wp-block-paragraph">By submitting and accepting the publication of their articles or creative works in&nbsp;<em>Trasatlántica</em>, authors affirm that their submissions are original works and that they hold the necessary rights for publication.</p>



<p class="wp-block-paragraph"><strong>Copyright and Author Rights</strong></p>



<p class="wp-block-paragraph">Unless otherwise agreed in writing, authors retain full copyright of their work.&nbsp;<em>Trasatlántica</em>&nbsp;publishes all content under a&nbsp;<strong>non-exclusive license</strong>, allowing the journal to publish, archive, and promote the work while authors maintain ownership and reuse rights.</p>



<p class="wp-block-paragraph">Specifically, authors retain the non-exclusive right to:</p>



<ul class="wp-block-list">
<li>Use, reproduce, distribute, publicly perform, display, and create derivative works of their contributions in print, digital, or future media formats.</li>



<li>Reuse their work for teaching, lectures, conference presentations, scholarly publications, and other academic or professional activities.</li>



<li>Make the final published version of their work available online, including on personal or institutional websites, digital repositories, or other non-commercial platforms, provided that original publication in&nbsp;<em>Trasatlántica</em>&nbsp;is acknowledged.</li>



<li>Authorize their employer or affiliated institution to use the work for educational, scholarly, and archival purposes.</li>
</ul>



<p class="wp-block-paragraph">In the event of any conflict between this policy and a separate written publication agreement, the terms of the written agreement shall prevail. Any modification to publication terms must be made in writing and agreed upon by both the author and an authorized representative of&nbsp;<em>Trasatlántica</em>.</p>



<p class="wp-block-paragraph"><strong>About Trasatlántica</strong></p>



<p class="wp-block-paragraph"><em>Trasatlántica</em>&nbsp;is a peer-reviewed cultural platform dedicated to the study, creation, and promotion of poetry and the arts produced and engaged with in Spanish, Portuguese, and English across the Atlantic world.</p>



<hr class="wp-block-separator has-alpha-channel-opacity"/>



<p class="wp-block-paragraph"><strong>Aviso Legal y Política de Derechos de Autor</strong></p>



<p class="wp-block-paragraph">Las opiniones expresadas en&nbsp;<em>Trasatlántica</em>&nbsp;son exclusivamente responsabilidad de sus autores y no reflejan necesariamente la posición del Consejo Directivo, del Consejo Editorial ni de ningún otro miembro de la organización.</p>



<p class="wp-block-paragraph">Al enviar y aceptar la publicación de artículos o trabajos creativos en&nbsp;<em>Trasatlántica</em>, los autores declaran que las obras son originales y que poseen los derechos necesarios para su publicación.</p>



<p class="wp-block-paragraph"><strong>Derechos de Autor y Derechos del Autor</strong></p>



<p class="wp-block-paragraph">Salvo acuerdo expreso por escrito, los autores conservan la totalidad de los derechos de autor sobre sus obras.&nbsp;<em>Trasatlántica</em>&nbsp;publica los contenidos bajo una&nbsp;<strong>licencia no exclusiva</strong>, que permite a la revista publicar, archivar y difundir las obras, sin que ello afecte la titularidad de los derechos por parte de los autores.</p>



<p class="wp-block-paragraph">En particular, los autores conservan el derecho no exclusivo a:</p>



<ul class="wp-block-list">
<li>Usar, reproducir, distribuir, comunicar públicamente, exhibir y crear obras derivadas de sus contribuciones, en formato impreso, digital o en cualquier otro medio que se desarrolle en el futuro.</li>



<li>Reutilizar sus obras con fines docentes, académicos o profesionales, incluyendo clases, conferencias, ponencias, publicaciones académicas u otras actividades afines.</li>



<li>Poner a disposición del público la versión final publicada de la obra en formato digital, ya sea en sitios web personales o institucionales, repositorios digitales u otras plataformas no comerciales, siempre que se cite adecuadamente la publicación original en&nbsp;<em>Trasatlántica</em>.</li>



<li>Autorizar a su empleador o institución de afiliación a usar la obra con fines educativos, académicos, profesionales o de archivo.</li>
</ul>



<p class="wp-block-paragraph">En caso de conflicto entre esta política y un acuerdo de publicación firmado por escrito, prevalecerán los términos del acuerdo escrito. Cualquier modificación de las condiciones de publicación deberá realizarse por escrito y contar con la aceptación tanto del autor como de un representante autorizado de&nbsp;<em>Trasatlántica</em>.</p>



<p class="wp-block-paragraph"><strong>Sobre Trasatlántica</strong></p>



<p class="wp-block-paragraph"><em>Trasatlántica</em>&nbsp;es una plataforma cultural y académica con revisión por pares, dedicada al estudio, la creación y la promoción de la poesía y las artes producidas y difundidas en español, portugués e inglés en el ámbito transatlántico.</p>
</div></div>
</div></div>



<p class="wp-block-paragraph"></p>
<!-- PMB print buttons is only displayed on a single post/page URLs-->

<p>Legal Notice &amp; Copyright Policy The opinions expressed in&nbsp;Trasatlántica&nbsp;are solely those of the individual authors and do not necessarily reflect the views of the Board of Directors, Editorial Board, or any other members of the organization. By submitting and accepting the publication of their articles or creative works in&nbsp;Trasatlántica, authors affirm that their submissions are [&hellip;]</p>

--Carlos Manuel Alvarez (Spain/Cuba_Independent scholar and writer)–Aurora Luque (Spain_Professor, translator, and poet. National Literature Award for Poetry)–Ruy Ventura (Portugal_Scholar, poet and writer)–Ben Clark (Spain_Poet, professor and translator)–Ignacio Ruiz Pérez (México / USA_Poet and scholar)–Fernando Díaz San Miguel (Spain_Writer, cultural promoter, and professor)–Irina Garbatzky (Argentina_Poet and scholar) –Aleisa Ribalta (Cuba/Sweden_Poet, professor, and…

Board of Directors Damaris Puñales-AlpízarPresident and Founder Luis Arturo GuichardVice-President Mabel CuestaSecretary José Ramón RuisánchezOfficer Michael GillOfficer Nohora Viviana Cardona NúñezOfficer Haydée Espino Officer Mayra Santos-Febres Officer Manuel Chinchilla Officer Community Outreach Manager: Mariana Valdez Intern (Spring 2026): Vinnie Liu

Mission/Misión

Trasatlántica in Mexico

Trasatlántica llega a México: Poetry reading and presentation of the Trasatlántica Project, with members of the Board of Directors: Damaris Puñales-Alpízar, Mabel Cuesta, and José Ramón Ruisánchez. El último encuentro bookstore in Mexico City, November 10, 2025. Trasatlántica thanks Evelio Rojas, founder and owner of El último encuentro for allowing us to use…

Urayoán Noel

SOLOS a Rigoberto González)Our rough topics?Time’s bluff. Viertes flemas. Suertes.Raw pics.Burnt skytropics. Quemas cielos. ¿Temas?We’ll cry or wish to die. Duelos. Llantos de losOur swishstays fresh.Fierce (-ish)! tantos crueles cantos.Sun's meshbesetour flesh. Dueles. Somos pieles.Now letus kill(word!) debt Lomos. Plexos. Homos…untilwe're worththe nil Nexos sin sexos.of earthwe claimat birth. Ruin…

2026 Events: 2025 Events: Nov. 10, 2025: Poetry reading and presentation of the Trasatlántica Project, with members of the Board of Directors. El último encuentro bookstore in Mexico City. Oct. 27, 2025: Poetry reading and presentation of the Trasatlántica Project. Poetry publishers and editors round panel. 20thanniversary of the Chilango-Andaluz International…
